{"id":71,"date":"2026-04-19T19:43:56","date_gmt":"2026-04-19T19:43:56","guid":{"rendered":"http:\/\/mediacjerodzinnepoznan.pl\/?page_id=71"},"modified":"2026-04-20T18:25:29","modified_gmt":"2026-04-20T18:25:29","slug":"strona-glowna","status":"publish","type":"page","link":"https:\/\/mediacjerodzinnepoznan.pl\/","title":{"rendered":"Strona g\u0142\u00f3wna"},"content":{"rendered":"\n<div class=\"wp-block-cover alignfull wp-duotone-rgb317747-5b606a-1\" style=\"min-height:800px;aspect-ratio:unset;\"><img decoding=\"async\" class=\"wp-block-cover__image-background\" alt=\"\" src=\"http:\/\/mediacjerodzinnepoznan.pl\/wp-content\/themes\/neve\/assets\/img\/starter-content\/neve-hero-2.png\" style=\"object-position:50% 72%\" data-object-fit=\"cover\" data-object-position=\"50% 72%\"\/><span aria-hidden=\"true\" class=\"wp-block-cover__background has-background-dim-0 has-background-dim\"><\/span><div class=\"wp-block-cover__inner-container is-layout-flow wp-block-cover-is-layout-flow\">\n<div class=\"wp-block-columns are-vertically-aligned-center is-layout-flex wp-container-core-columns-is-layout-9d6595d7 wp-block-columns-is-layout-flex\">\n<div class=\"wp-block-column is-vertically-aligned-center is-layout-flow wp-block-column-is-layout-flow\" style=\"padding-right:var(--wp--preset--spacing--20);padding-left:var(--wp--preset--spacing--20);flex-basis:65%\">\n<div style=\"height:80px\" aria-hidden=\"true\" class=\"wp-block-spacer\"><\/div>\n\n\n\n<h1 class=\"wp-block-heading has-text-align-left has-nv-text-dark-bg-color has-text-color\"><em>Sylwia Prorok Mediator<\/em><\/h1>\n\n\n\n<h2 class=\"wp-block-heading has-text-align-left\"><em>Mediacje S\u0105dowe i Umowne<\/em><\/h2>\n\n\n\n<p><em>Mediator sta\u0142y przy S\u0105dzie Okr\u0119gowym w Poznaniu<\/em><\/p>\n\n\n\n<div style=\"height:100px\" aria-hidden=\"true\" class=\"wp-block-spacer\"><\/div>\n<\/div>\n\n\n\n<div class=\"wp-block-column is-vertically-aligned-center is-layout-flow wp-block-column-is-layout-flow\">\n<figure class=\"wp-block-image size-full\"><img loading=\"lazy\" decoding=\"async\" width=\"484\" height=\"480\" src=\"http:\/\/mediacjerodzinnepoznan.pl\/wp-content\/uploads\/2026\/04\/IMG_7478.jpeg\" alt=\"\" class=\"wp-image-96\" srcset=\"https:\/\/mediacjerodzinnepoznan.pl\/wp-content\/uploads\/2026\/04\/IMG_7478.jpeg 484w, https:\/\/mediacjerodzinnepoznan.pl\/wp-content\/uploads\/2026\/04\/IMG_7478-300x298.jpeg 300w, https:\/\/mediacjerodzinnepoznan.pl\/wp-content\/uploads\/2026\/04\/IMG_7478-150x150.jpeg 150w\" sizes=\"auto, (max-width: 484px) 100vw, 484px\" \/><\/figure>\n<\/div>\n<\/div>\n<\/div><\/div>\n\n\n\n<div style=\"height:40px\" aria-hidden=\"true\" class=\"wp-block-spacer\"><\/div>\n\n\n\n<div class=\"wp-block-cover alignfull\" style=\"min-height:600px;aspect-ratio:unset;\"><span aria-hidden=\"true\" class=\"wp-block-cover__background has-nv-light-bg-background-color has-background-dim-80 has-background-dim\"><\/span><div class=\"wp-block-cover__inner-container is-layout-flow wp-block-cover-is-layout-flow\">\n<div class=\"wp-block-group\"><div class=\"wp-block-group__inner-container is-layout-flow wp-block-group-is-layout-flow\">\n<div class=\"wp-block-columns is-layout-flex wp-container-core-columns-is-layout-9d6595d7 wp-block-columns-is-layout-flex\">\n<div class=\"wp-block-column is-layout-flow wp-block-column-is-layout-flow\" style=\"padding-right:0;padding-left:0;flex-basis:20%\">\n<div class=\"wp-block-group is-vertical is-content-justification-center is-layout-flex wp-container-core-group-is-layout-4b2eccd6 wp-block-group-is-layout-flex\"><\/div>\n<\/div>\n\n\n\n<div class=\"wp-block-column is-layout-flow wp-block-column-is-layout-flow\" style=\"flex-basis:60%\">\n<div class=\"wp-block-group is-vertical is-content-justification-center is-layout-flex wp-container-core-group-is-layout-4b2eccd6 wp-block-group-is-layout-flex\">\n<h2 class=\"wp-block-heading has-text-align-center has-nv-dark-bg-color has-nv-light-bg-background-color has-text-color has-background\">Dlaczego warto skorzysta\u0107 z mediacji<\/h2>\n\n\n\n<p class=\"has-text-align-center has-neve-text-color-color has-text-color has-link-color wp-elements-51cd1a17e94463e05424398879a7488a\">\u2714 szybkie rozwi\u0105zanie sporu<br>\u2714 ni\u017csze koszty ni\u017c w procesie s\u0105dowym<br>\u2714 poufno\u015b\u0107 rozm\u00f3w<br>\u2714 mo\u017cliwo\u015b\u0107 wypracowania w\u0142asnego rozwi\u0105zania<br>\u2714 mniejszy stres dla stron i dzieci<br>\u2714 zachowanie relacji mi\u0119dzy stronami<\/p>\n\n\n\n<p><\/p>\n\n\n\n<div style=\"height:0px\" aria-hidden=\"true\" class=\"wp-block-spacer wp-container-content-541a6b20\"><\/div>\n\n\n\n<p><\/p>\n\n\n\n<h2 class=\"wp-block-heading has-nv-dark-bg-color has-text-color has-link-color wp-elements-82d867d274555cd6ed6657d2afaaaab3\"><strong>Jak wygl\u0105da mediacja?<\/strong><\/h2>\n<\/div>\n\n\n\n<p><\/p>\n\n\n\n<p class=\"has-nv-dark-bg-color has-text-color has-link-color wp-elements-4d7f77c325f60b63e825ed312d2e05a6\"><strong>1. Kontakt z mediatorem<\/strong><\/p>\n\n\n\n<p class=\"has-nv-dark-bg-color has-text-color has-link-color wp-elements-a70aed37b0644e5a2ba7acdc397f9e13\">Pierwszym krokiem jest kontakt telefoniczny lub mailowy w celu om\u00f3wienia sprawy i ustalenia mo\u017cliwo\u015bci przeprowadzenia mediacji.<\/p>\n\n\n\n<p class=\"has-nv-dark-bg-color has-text-color has-link-color wp-elements-9c367ecec826a5ec613df2253f9bf680\"><strong>2. Zgoda stron na mediacj\u0119<\/strong><\/p>\n\n\n\n<p class=\"has-nv-dark-bg-color has-text-color has-link-color wp-elements-b501f264a60ebadbf21d7f35ac9e95c9\">Mediacja jest dobrowolna. Aby si\u0119 odby\u0142a, obie strony musz\u0105 wyrazi\u0107 zgod\u0119 na udzia\u0142 w spotkaniu mediacyjnym.<\/p>\n\n\n\n<p class=\"has-nv-dark-bg-color has-text-color has-link-color wp-elements-4c99bd948da7d92ae8dee40c550b2ce5\"><strong>3. Spotkanie mediacyjne<\/strong><\/p>\n\n\n\n<p class=\"has-nv-dark-bg-color has-text-color has-link-color wp-elements-f7c6e961237b42e56d678f5601803e07\">Mediator prowadzi rozmow\u0119 w spos\u00f3b neutralny i bezstronny, pomagaj\u0105c stronom przedstawi\u0107 swoje stanowiska oraz potrzeby.<\/p>\n\n\n\n<p class=\"has-nv-dark-bg-color has-text-color has-link-color wp-elements-a915c6e6597b63904a168fc989ea89b2\"><strong>4. Poszukiwanie rozwi\u0105zania<\/strong><\/p>\n\n\n\n<p class=\"has-nv-dark-bg-color has-text-color has-link-color wp-elements-256d76d90166f33a736b7ede47b6528f\">Strony \u2013 przy wsparciu mediatora \u2013 wsp\u00f3lnie poszukuj\u0105 rozwi\u0105zania, kt\u00f3re b\u0119dzie mo\u017cliwe do zaakceptowania przez obie strony.<\/p>\n\n\n\n<p class=\"has-nv-dark-bg-color has-text-color has-link-color wp-elements-c080edc20f7e50d8cf9c5082b2c04922\"><strong>5. Ugoda mediacyjna<\/strong><\/p>\n\n\n\n<p class=\"has-nv-dark-bg-color has-text-color has-link-color wp-elements-24f3be4f381245e78f21a9212252b593\">Je\u017celi strony dojd\u0105 do porozumienia, mediator sporz\u0105dza ugod\u0119.<\/p>\n\n\n\n<p class=\"has-nv-dark-bg-color has-text-color has-link-color wp-elements-37b8928a7e678d5e5f240f625555b823\">Ugoda zawarta przed mediatorem \u2014 po z\u0142o\u017ceniu jej do s\u0105du i zatwierdzeniu \u2014 <strong>ma moc prawn\u0105 r\u00f3wn\u0105 ugodzie s\u0105dowej<\/strong>.<\/p>\n\n\n\n<p class=\"has-nv-dark-bg-color has-text-color has-link-color wp-elements-8e47168c13057f0da34d2e2f73bad914\"><\/p>\n\n\n\n<div class=\"wp-block-group is-vertical is-content-justification-center is-layout-flex wp-container-core-group-is-layout-4b2eccd6 wp-block-group-is-layout-flex\">\n<p class=\"has-nv-dark-bg-color has-text-color has-link-color wp-elements-c56051561e401ca07ae0be221fd10c5f\">.<\/p>\n<\/div>\n<\/div>\n\n\n\n<div class=\"wp-block-column is-layout-flow wp-block-column-is-layout-flow\"><\/div>\n\n\n\n<div class=\"wp-block-column is-layout-flow wp-block-column-is-layout-flow\"><\/div>\n\n\n\n<div class=\"wp-block-column is-layout-flow wp-block-column-is-layout-flow\"><\/div>\n\n\n\n<div class=\"wp-block-column is-layout-flow wp-block-column-is-layout-flow\" style=\"flex-basis:20%\">\n<div class=\"wp-block-group is-vertical is-content-justification-center is-layout-flex wp-container-core-group-is-layout-4b2eccd6 wp-block-group-is-layout-flex\"><\/div>\n<\/div>\n<\/div>\n\n\n\n<div class=\"wp-block-columns are-vertically-aligned-center is-layout-flex wp-container-core-columns-is-layout-9d6595d7 wp-block-columns-is-layout-flex\">\n<div class=\"wp-block-column is-vertically-aligned-center is-layout-flow wp-block-column-is-layout-flow\" style=\"padding-right:var(--wp--preset--spacing--30);padding-left:var(--wp--preset--spacing--30);flex-basis:50%\">\n<figure class=\"wp-block-gallery has-nested-images columns-default is-cropped wp-block-gallery-2 is-layout-flex wp-block-gallery-is-layout-flex\">\n<figure class=\"wp-block-image size-full\"><a href=\"http:\/\/mediacjerodzinnepoznan.pl\/index.php\/informacje\/\"><img loading=\"lazy\" decoding=\"async\" width=\"588\" height=\"331\" data-id=\"112\" src=\"http:\/\/mediacjerodzinnepoznan.pl\/wp-content\/uploads\/2026\/04\/IMG_8799-e1776631313733.jpg\" alt=\"\" class=\"wp-image-112\" srcset=\"https:\/\/mediacjerodzinnepoznan.pl\/wp-content\/uploads\/2026\/04\/IMG_8799-e1776631313733.jpg 588w, https:\/\/mediacjerodzinnepoznan.pl\/wp-content\/uploads\/2026\/04\/IMG_8799-e1776631313733-300x169.jpg 300w\" sizes=\"auto, (max-width: 588px) 100vw, 588px\" \/><\/a><\/figure>\n<\/figure>\n\n\n\n<div style=\"height:24px\" aria-hidden=\"true\" class=\"wp-block-spacer\"><\/div>\n\n\n\n<h3 class=\"wp-block-heading has-text-align-center has-neve-text-color-color has-text-color\">Mediacje rodzinne<\/h3>\n\n\n\n<div style=\"height:40px\" aria-hidden=\"true\" class=\"wp-block-spacer\"><\/div>\n<\/div>\n\n\n\n<div class=\"wp-block-column is-vertically-aligned-center is-layout-flow wp-block-column-is-layout-flow\" style=\"padding-right:var(--wp--preset--spacing--30);padding-left:var(--wp--preset--spacing--30);flex-basis:50%\">\n<figure class=\"wp-block-gallery has-nested-images columns-default is-cropped wp-block-gallery-3 is-layout-flex wp-block-gallery-is-layout-flex\">\n<figure class=\"wp-block-image size-full\"><a href=\"http:\/\/mediacjerodzinnepoznan.pl\/index.php\/informacje\/\"><img loading=\"lazy\" decoding=\"async\" width=\"588\" height=\"294\" data-id=\"109\" src=\"http:\/\/mediacjerodzinnepoznan.pl\/wp-content\/uploads\/2026\/04\/IMG_8796.jpg\" alt=\"\" class=\"wp-image-109\" srcset=\"https:\/\/mediacjerodzinnepoznan.pl\/wp-content\/uploads\/2026\/04\/IMG_8796.jpg 588w, https:\/\/mediacjerodzinnepoznan.pl\/wp-content\/uploads\/2026\/04\/IMG_8796-300x150.jpg 300w\" sizes=\"auto, (max-width: 588px) 100vw, 588px\" \/><\/a><\/figure>\n<\/figure>\n\n\n\n<div style=\"height:24px\" aria-hidden=\"true\" class=\"wp-block-spacer\"><\/div>\n\n\n\n<h3 class=\"wp-block-heading has-text-align-center has-neve-text-color-color has-text-color\">Mediacje pracownicze<\/h3>\n\n\n\n<div style=\"height:40px\" aria-hidden=\"true\" class=\"wp-block-spacer\"><\/div>\n<\/div>\n<\/div>\n<\/div><\/div>\n<\/div><\/div>\n\n\n\n<div class=\"wp-block-cover alignfull\" style=\"min-height:600px;aspect-ratio:unset;\"><span aria-hidden=\"true\" class=\"wp-block-cover__background has-nv-site-bg-background-color has-background-dim-100 has-background-dim\"><\/span><div class=\"wp-block-cover__inner-container is-layout-flow wp-block-cover-is-layout-flow\">\n<div class=\"wp-block-group\"><div class=\"wp-block-group__inner-container is-layout-flow wp-block-group-is-layout-flow\">\n<div style=\"height:80px\" aria-hidden=\"true\" class=\"wp-block-spacer\"><\/div>\n\n\n\n<div class=\"wp-block-columns are-vertically-aligned-center is-layout-flex wp-container-core-columns-is-layout-9d6595d7 wp-block-columns-is-layout-flex\">\n<div class=\"wp-block-column is-vertically-aligned-center is-layout-flow wp-block-column-is-layout-flow\" style=\"padding-right:var(--wp--preset--spacing--30);padding-left:var(--wp--preset--spacing--30);flex-basis:50%\">\n<figure class=\"wp-block-image size-full has-custom-border is-style-default\"><img loading=\"lazy\" decoding=\"async\" width=\"356\" height=\"400\" src=\"http:\/\/mediacjerodzinnepoznan.pl\/wp-content\/uploads\/2026\/04\/IMG_8800.jpg\" alt=\"\" class=\"wp-image-119\" style=\"border-radius:16px\" srcset=\"https:\/\/mediacjerodzinnepoznan.pl\/wp-content\/uploads\/2026\/04\/IMG_8800.jpg 356w, https:\/\/mediacjerodzinnepoznan.pl\/wp-content\/uploads\/2026\/04\/IMG_8800-267x300.jpg 267w\" sizes=\"auto, (max-width: 356px) 100vw, 356px\" \/><\/figure>\n<\/div>\n\n\n\n<div class=\"wp-block-column is-vertically-aligned-center is-layout-flow wp-block-column-is-layout-flow\" style=\"padding-right:var(--wp--preset--spacing--30);padding-left:var(--wp--preset--spacing--30);flex-basis:50%\">\n<div style=\"height:20px\" aria-hidden=\"true\" class=\"wp-block-spacer\"><\/div>\n\n\n\n<h2 class=\"wp-block-heading has-text-align-left has-neve-text-color-color has-text-color\"><strong>REGULAMIN MEDIACJI<\/strong><\/h2>\n\n\n\n<p class=\"has-text-align-left has-neve-text-color-color has-text-color\" style=\"font-size:17px\">Mediacja jest dobrowolnym i poufnym sposobem rozwi\u0105zywania spor\u00f3w przy udziale bezstronnego mediatora.<\/p>\n\n\n\n<div class=\"wp-block-buttons has-custom-font-size has-small-font-size is-content-justification-left is-layout-flex wp-container-core-buttons-is-layout-fdcfc74e wp-block-buttons-is-layout-flex\">\n<div class=\"wp-block-button is-style-default\"><a class=\"wp-block-button__link has-nv-text-dark-bg-color has-neve-link-color-background-color has-text-color has-background has-link-color has-custom-font-size wp-element-button\" href=\"http:\/\/mediacjerodzinnepoznan.pl\/index.php\/szczegoly-projektu\/\" style=\"font-size:16px\">czytaj wi\u0119cej<\/a><\/div>\n<\/div>\n<\/div>\n<\/div>\n\n\n\n<div class=\"wp-block-columns are-vertically-aligned-center is-layout-flex wp-container-core-columns-is-layout-9d6595d7 wp-block-columns-is-layout-flex\">\n<div class=\"wp-block-column is-layout-flow wp-block-column-is-layout-flow\"><\/div>\n\n\n\n<div class=\"wp-block-column is-layout-flow wp-block-column-is-layout-flow\"><\/div>\n<\/div>\n\n\n\n<div style=\"height:40px\" aria-hidden=\"true\" class=\"wp-block-spacer\"><\/div>\n<\/div><\/div>\n<\/div><\/div>\n\n\n\n<div class=\"wp-block-cover alignfull wp-duotone-var--nv-c-2-var--nv-primary-accent-4\" style=\"min-height:300px;aspect-ratio:unset;\"><span aria-hidden=\"true\" class=\"wp-block-cover__background has-neve-link-color-background-color has-background-dim-100 has-background-dim\"><\/span><div class=\"wp-block-cover__inner-container is-layout-flow wp-block-cover-is-layout-flow\">\n<div style=\"height:140px\" aria-hidden=\"true\" class=\"wp-block-spacer\"><\/div>\n\n\n\n<div class=\"wp-block-columns is-layout-flex wp-container-core-columns-is-layout-9d6595d7 wp-block-columns-is-layout-flex\">\n<div class=\"wp-block-column is-layout-flow wp-block-column-is-layout-flow\" style=\"flex-basis:20%\"><\/div>\n\n\n\n<div class=\"wp-block-column is-layout-flow wp-block-column-is-layout-flow\" style=\"flex-basis:60%\">\n<div class=\"wp-block-group\"><div class=\"wp-block-group__inner-container is-layout-constrained wp-block-group-is-layout-constrained\">\n<h2 class=\"wp-block-heading has-text-align-center has-nv-text-dark-bg-color has-text-color\">Najcz\u0119stsze pytania (FAQ)<\/h2>\n\n\n\n<h3 class=\"wp-block-heading\">Czy mediacja jest obowi\u0105zkowa?<\/h3>\n\n\n\n<p>Nie zawsze. Mediacja mo\u017ce by\u0107 skierowana przez s\u0105d lub podj\u0119ta dobrowolnie przez strony.<\/p>\n\n\n\n<h3 class=\"wp-block-heading\">Czy mediator podejmuje decyzj\u0119?<\/h3>\n\n\n\n<p>Nie. Mediator nie rozstrzyga sporu. Pomaga stronom wypracowa\u0107 rozwi\u0105zanie.<\/p>\n\n\n\n<h3 class=\"wp-block-heading\">Czy mediacja jest poufna?<\/h3>\n\n\n\n<p>Tak. Wszystkie rozmowy podczas mediacji s\u0105 poufne.<\/p>\n\n\n\n<h3 class=\"wp-block-heading\">Czy ugoda mediacyjna ma moc prawn\u0105?<\/h3>\n\n\n\n<p class=\"has-text-align-center has-nv-text-dark-bg-color has-text-color has-link-color wp-elements-b11fa04c94eb79b435af467686287a2b\">Tak. Po zatwierdzeniu przez s\u0105d ugoda zawarta przed mediatorem ma moc ugody s\u0105dowej.<\/p>\n<\/div><\/div>\n<\/div>\n\n\n\n<div class=\"wp-block-column is-layout-flow wp-block-column-is-layout-flow\" style=\"flex-basis:20%\"><\/div>\n<\/div>\n\n\n\n<div style=\"height:140px\" aria-hidden=\"true\" class=\"wp-block-spacer\"><\/div>\n<\/div><\/div>\n\n\n\n<h2 class=\"wp-block-heading has-text-align-center\"><strong>Mediato<strong>r rodzinny Pozna\u0144<\/strong><\/strong><\/h2>\n\n\n<p>\n\n\n<\/p>\n<p class=\"has-nv-dark-bg-color has-text-color has-link-color wp-elements-d145c5645723834f7238b112c8fc10f5\">Je\u017celi szukasz mediatora rodzinnego w Poznaniu, kt\u00f3ry pomo\u017ce w spokojny spos\u00f3b rozwi\u0105za\u0107 konflikt dotycz\u0105cy rozwodu, kontakt\u00f3w z dzieckiem, aliment\u00f3w lub innych spraw rodzinnych \u2013 zapraszam do kontaktu.<\/p>\n<p>\n\n\n\n<\/p>\n<p class=\"has-nv-dark-bg-color has-text-color has-link-color wp-elements-dcb8831b4fec6c31d27e3a1e566f186f\">Mediacja pozwala znale\u017a\u0107 rozwi\u0105zanie dopasowane do indywidualnej sytuacji stron i cz\u0119sto pozwala unikn\u0105\u0107 d\u0142ugotrwa\u0142ego post\u0119powania s\u0105dowego<\/p>\n<p>\n\n\n<\/p>\n\n\n<div class=\"wp-block-group alignfull has-text-color has-background\" style=\"color:#000000;background-color:#ffffff\"><div class=\"wp-block-group__inner-container is-layout-flow wp-block-group-is-layout-flow\">\n<div style=\"height:64px\" aria-hidden=\"true\" class=\"wp-block-spacer\"><\/div>\n\n\n\n<p class=\"has-text-align-center has-small-font-size\" style=\"line-height:.9\"><strong>Skontaktuj si\u0119 z nami<\/strong><\/p>\n\n\n\n<h2 class=\"wp-block-heading has-text-align-center\" id=\"schedule-a-visit\" style=\"font-size:59px;line-height:1.15\"><strong>Zaplanuj wizyt\u0119<\/strong><\/h2>\n\n\n\n<div class=\"wp-block-buttons is-horizontal is-content-justification-center is-layout-flex wp-container-core-buttons-is-layout-499968f5 wp-block-buttons-is-layout-flex\">\n<div class=\"wp-block-button has-custom-width wp-block-button__width-50\"><a class=\"wp-block-button__link has-text-color has-background wp-element-button\" href=\"https:\/\/mediacjerodzinnepoznan.pl\/index.php\/contact\/\" style=\"border-radius:50px;color:#ffffff;background-color:#000000\">Skontaktuj si\u0119&nbsp;z nami <\/a><\/div>\n<\/div>\n\n\n\n<div style=\"height:64px\" aria-hidden=\"true\" class=\"wp-block-spacer\"><\/div>\n<\/div><\/div>\n\n\n\n<p><\/p>\n","protected":false},"excerpt":{"rendered":"<p>Mediator rodzinny Pozna\u0144 Je\u017celi szukasz mediatora rodzinnego w Poznaniu, kt\u00f3ry pomo\u017ce w spokojny spos\u00f3b rozwi\u0105za\u0107 konflikt dotycz\u0105cy rozwodu, kontakt\u00f3w z dzieckiem, aliment\u00f3w lub innych spraw rodzinnych \u2013 zapraszam do kontaktu. Mediacja pozwala znale\u017a\u0107 rozwi\u0105zanie dopasowane do indywidualnej sytuacji stron i cz\u0119sto pozwala unikn\u0105\u0107 d\u0142ugotrwa\u0142ego post\u0119powania s\u0105dowego Skontaktuj si\u0119 z nami Zaplanuj wizyt\u0119<\/p>\n","protected":false},"author":1,"featured_media":0,"parent":0,"menu_order":0,"comment_status":"closed","ping_status":"closed","template":"","meta":{"om_disable_all_campaigns":false,"_monsterinsights_skip_tracking":false,"_monsterinsights_sitenote_active":false,"_monsterinsights_sitenote_note":"","_monsterinsights_sitenote_category":0,"neve_meta_sidebar":"","neve_meta_container":"default","neve_meta_enable_content_width":"on","neve_meta_content_width":100,"neve_meta_title_alignment":"","neve_meta_author_avatar":"","neve_post_elements_order":"","neve_meta_disable_header":"","neve_meta_disable_footer":"","neve_meta_disable_title":"on","footnotes":""},"class_list":["post-71","page","type-page","status-publish","hentry"],"aioseo_notices":[],"_links":{"self":[{"href":"https:\/\/mediacjerodzinnepoznan.pl\/index.php\/wp-json\/wp\/v2\/pages\/71","targetHints":{"allow":["GET"]}}],"collection":[{"href":"https:\/\/mediacjerodzinnepoznan.pl\/index.php\/wp-json\/wp\/v2\/pages"}],"about":[{"href":"https:\/\/mediacjerodzinnepoznan.pl\/index.php\/wp-json\/wp\/v2\/types\/page"}],"author":[{"embeddable":true,"href":"https:\/\/mediacjerodzinnepoznan.pl\/index.php\/wp-json\/wp\/v2\/users\/1"}],"replies":[{"embeddable":true,"href":"https:\/\/mediacjerodzinnepoznan.pl\/index.php\/wp-json\/wp\/v2\/comments?post=71"}],"version-history":[{"count":28,"href":"https:\/\/mediacjerodzinnepoznan.pl\/index.php\/wp-json\/wp\/v2\/pages\/71\/revisions"}],"predecessor-version":[{"id":214,"href":"https:\/\/mediacjerodzinnepoznan.pl\/index.php\/wp-json\/wp\/v2\/pages\/71\/revisions\/214"}],"wp:attachment":[{"href":"https:\/\/mediacjerodzinnepoznan.pl\/index.php\/wp-json\/wp\/v2\/media?parent=71"}],"curies":[{"name":"wp","href":"https:\/\/api.w.org\/{rel}","templated":true}]}}